{"id":276,"date":"2016-02-13T19:50:27","date_gmt":"2016-02-13T17:50:27","guid":{"rendered":"http:\/\/www.theater-fatal.de\/?page_id=276"},"modified":"2018-05-21T18:23:20","modified_gmt":"2018-05-21T16:23:20","slug":"impressum","status":"publish","type":"page","link":"http:\/\/www.theater-fatal.de\/?page_id=276","title":{"rendered":"Impressum"},"content":{"rendered":"<p><strong>Theater FATAL<\/strong><\/p>\n<p>Dies ist eine rein private Seite. Sie dient nur noch der Erinnerung an das Theater FATAL, das sich Ende 2016 aufgel\u00f6st hat. Der Webauftritt wird noch eine Weile Aufrecht erhalten und im Laufe der n\u00e4chsten Zeit gel\u00f6scht.<\/p>\n<p>Michael Klerx<br \/>\nIm T\u00fcckwinkel 16<br \/>\n58636 Iserlohn<\/p>\n<p>E-Mail: <a href=\"mailto:info@theater-fatal.de\">info@theater-fatal.de<\/a><br \/>\nInternet: <a href=\"http:\/\/www.theater-fatal.de\">www.theater-fatal.de<\/a><\/p>\n<p><strong>Mitglieder: <\/strong><br \/>\nHartmut Klages<br \/>\nElke Ortmann<br \/>\nUwe Weber<br \/>\nMichael Klerx<br \/>\nStefanie Heine<br \/>\nUrsel Penkl<br \/>\nThorsten Scheveling<br \/>\nVolker Keller<\/p>\n<p><strong>Haftungshinweis:<br \/>\n<\/strong>Trotz sorgf\u00e4ltiger inhaltlicher Kontrolle \u00fcbernehmen wir keine Haftung f\u00fcr die Inhalte externer Links. F\u00fcr den Inhalt der verlinkten Seiten sind ausschlie\u00dflich deren Betreiber verantwortlich.<\/p>\n","protected":false},"excerpt":{"rendered":"<p>Theater FATAL Dies ist eine rein private Seite. Sie dient nur noch der Erinnerung an das Theater FATAL, das sich Ende 2016 aufgel\u00f6st hat. Der Webauftritt wird noch eine Weile Aufrecht erhalten und im Laufe der n\u00e4chsten Zeit gel\u00f6scht. Michael Klerx Im T\u00fcckwinkel 16 58636 Iserlohn E-Mail: info@theater-fatal.de Internet: www.theater-fatal.de Mitglieder: Hartmut Klages Elke Ortmann &hellip; <a href=\"http:\/\/www.theater-fatal.de\/?page_id=276\" class=\"more-link\"><span class=\"screen-reader-text\">\u201eImpressum\u201c <\/span>weiterlesen<\/a><\/p>\n","protected":false},"author":1,"featured_media":0,"parent":0,"menu_order":0,"comment_status":"closed","ping_status":"closed","template":"","meta":{"footnotes":""},"class_list":["post-276","page","type-page","status-publish","hentry"],"_links":{"self":[{"href":"http:\/\/www.theater-fatal.de\/index.php?rest_route=\/wp\/v2\/pages\/276","targetHints":{"allow":["GET"]}}],"collection":[{"href":"http:\/\/www.theater-fatal.de\/index.php?rest_route=\/wp\/v2\/pages"}],"about":[{"href":"http:\/\/www.theater-fatal.de\/index.php?rest_route=\/wp\/v2\/types\/page"}],"author":[{"embeddable":true,"href":"http:\/\/www.theater-fatal.de\/index.php?rest_route=\/wp\/v2\/users\/1"}],"replies":[{"embeddable":true,"href":"http:\/\/www.theater-fatal.de\/index.php?rest_route=%2Fwp%2Fv2%2Fcomments&post=276"}],"version-history":[{"count":3,"href":"http:\/\/www.theater-fatal.de\/index.php?rest_route=\/wp\/v2\/pages\/276\/revisions"}],"predecessor-version":[{"id":427,"href":"http:\/\/www.theater-fatal.de\/index.php?rest_route=\/wp\/v2\/pages\/276\/revisions\/427"}],"wp:attachment":[{"href":"http:\/\/www.theater-fatal.de\/index.php?rest_route=%2Fwp%2Fv2%2Fmedia&parent=276"}],"curies":[{"name":"wp","href":"https:\/\/api.w.org\/{rel}","templated":true}]}}